 + w**4/24 + 2*w**2. Let a(l) be the second derivative of h(l). Determine a(-4).
2
Let u(h) be the second derivative of -h**3/6 - 9*h**2/2 - 21*h. Determine u(-9).
0
Let b(z) = -z**3 - z**2 - z - 17. Suppose 2*t - 3 = -3. Give b(t).
-17
Let h(k) = k + 9. Let j be (8/1)/(-1 + -1). Determine h(j).
5
Let y = 1691/330 - 56/11. Let l(c) be the third derivative of 0*c + 2*c**2 + 0 - y*c**5 + 1/6*c**4 - 1/6*c**3. Give l(3).
-7
Suppose v = -v + 14. Let o be 7 + 4/(3 - v). Let u(q) = -2*q + 8. What is u(o)?
-4
Let r(c) = c**2 + 11*c + 3. Let z(v) = -v - 1. Let g(d) = r(d) + 4*z(d). Determine g(-6).
-7
Let c(x) = x**2 - 1. Let n(v) = 3*v**2 + 8*v - 9. Let h(a) = 4*c(a) - n(a). Let s(u) = -u**3 + 11*u**2 - 10*u + 4. Let w be s(10). Give h(w).
-11
Let s(q) = 0*q - q - 5*q**2 + 6 - 4 - 1. Let c(d) = -5*d**2 - d + 1. Let h(x) = 3*c(x) - 4*s(x). Suppose -o + 3*o - 2 = 0. Give h(o).
5
Suppose 0 = -z - 4*x - 14, -2*z + x + 2 = -3*z. Let j(c) be the third derivative of -1/6*c**4 + 1/3*c**3 + 0*c + 1/30*c**5 + 0 - c**2. Give j(z).
2
Let b(v) = v**3 + 2*v**2 + 2*v + 2. Let o be 42/10 + 2/(-10). Suppose 0 = 3*u - o*p - 6, -3*p + 7 = -2*u - 4*p. Calculate b(u).
-2
Let g be ((-5)/3)/((-2)/(-6)). Let s(t) = t**3 + 5*t**2 + 6. What is s(g)?
6
Suppose -3*d = 25 - 1. Let x(q) = -q**3 - 8*q**2 - 3*q + 7. Determine x(d).
31
Let x(j) = -j - 3. Suppose 0 = -0*i + 3*i - 7*i. Determine x(i).
-3
Let v(z) = -2*z - 6. Suppose -6*o + 5*o = 7. Let d(r) = -r**2 - 5*r + 10. Let j be d(o). Calculate v(j).
2
Let s(c) = c**2 - 3*c - 2. Let h = -10 + 14. Suppose -p - h*v + 8 = -2*p, v - 23 = -5*p. Determine s(p).
2
Let k(z) = 5*z + 8*z - 22*z + 6*z - 3*z**2. Calculate k(-2).
-6
Let g(o) be the first derivative of 5 - 1/4*o**4 - o - 3/2*o**2 - 2/3*o**3. Determine g(-2).
5
Let c be (-11)/(-6) - 2/(-12). Suppose 3 = 4*a - c*h + 1, -2*h + 4 = -2*a. Let o(w) = w**3 + w**2 - 4 - 4*w - 5*w**2 + 7*w. Calculate o(a).
-4
Let n(o) = -2*o - 3 + 4 - 1 + 2. Give n(4).
-6
Suppose -20*v = -25*v + 15. Let g(w) = 2*w - 3 + w - w. Calculate g(v).
3
Let n = -9 + 6. Let c(y) = -y**2 + y - 1. Let d(p) = 3*p**2 - 9*p + 4. Let r = 12 - 7. Let o(t) = r*c(t) + d(t). Determine o(n).
-7
Let t = 36 - 28. Let f(v) = v**3 - 8*v**2 - 2. Determine f(t).
-2
Let t(z) be the third derivative of -z**6/120 + z**5/15 - z**4/12 - z**3/3 + z**2. Suppose 17 = -4*y - 5*i, 5*y + 3 = -3*i - 2. What is t(y)?
2
Let v(y) = -9*y**2 - 2*y - 15. Let m(p) = -5*p**2 - p - 8. Let h(t) = -11*m(t) + 6*v(t). Let i(q) = -2*q - 5. Let r be i(-4). What is h(r)?
4
Let w(h) = h + 5. Suppose 0*u = 5*r - 3*u - 5, 4*r - 4*u = -4. Suppose -10 = -5*o - 2*y, r*o + 2*y = -0*o + 10. Determine w(o).
5
Let r(k) = 9*k + 11. Let t = 8 + -2. Let p(i) = -5*i - 6. Let m(q) = t*r(q) + 11*p(q). Determine m(3).
-3
Let n(z) = 4*z + 2. Let t(w) = -5*w - 3. Let h = 13 - 19. Suppose -5*o = -o + p + 19, 0 = 2*o - 2*p + 12. Let l(m) = h*n(m) + o*t(m). Determine l(-6).
-3
Suppose 4*v - 6*v = 4. Let l(r) = r - 6. Let s(o) = o - 9. Let z(d) = 7*l(d) - 5*s(d). What is z(v)?
-1
Let n(q) = 1 + q - 4 - 2*q + 0. Determine n(-2).
-1
Let w(u) = u**2 - 2*u + 4. Let l be 15/(-21) + (-4)/14. Let n be 1 - l - (-2 + 0). Give w(n).
12
Let l(s) = 23*s - 1. Let o be l(1). Suppose -o = 5*h - f, -3*f - f = 2*h. Let w(b) = b + 2. Calculate w(h).
-2
Let o(q) = -q + 13 + q**2 + 4*q - 3*q - q. Give o(0).
13
Let a(k) = -k - 1. Let w(d) = 4*d + 2. Let b(y) = -6*a(y) - 2*w(y). Let z be b(2). Let n(t) = -2*t**2 - 2*t. Determine n(z).
-4
Let t(u) = -u**2 + 8*u - 8. Suppose -2*q - 6 + 4 = -2*d, 0 = -q - d + 7. Suppose -4*c + 8 + 8 = 0. Suppose o = 4*w - 25, 0 = c*w - q*o - 21 - 6. What is t(w)?
4
Let a(z) = -z**2 + 8. Let m(x) = -x - 3. Let s be m(-6). Let i(l) = l**3 - 2*l**2 - 4*l + 3. Let n be i(s). Give a(n).
8
Suppose -2*j = 1 - 5. Suppose 0 = j*m + 4*v - 6, 2*m + 6 = 4*m - 4*v. Let f(o) = o - 3. Determine f(m).
0
Let w = 73/1368 - 2/171. Let m(u) be the third derivative of 0*u - w*u**4 - 2*u**2 + 0 - 1/2*u**3. Calculate m(-5).
2
Let v(b) = -2*b - 3. Let a = 16 + -20. Give v(a).
5
Let d(o) be the second derivative of -o**3/3 - 2*o**2 + 66*o. Give d(-2).
0
Let t be -2 - (1 + -1) - -1. Let y = -1 + t. Let n(l) = -l**3 - 4*l**2 - 4*l - 3. Give n(y).
-3
Let b(w) = w. Let l be 18/(-22) + (-4)/22. Let d = l - -8. Let n = 8 - d. What is b(n)?
1
Let m(n) = -n**2 - 3*n - 3. Suppose 0 = 2*i + 3*q - 6*q + 3, 0 = -5*i + 5*q + 5. Let t be (-3 - -6)/(i/20). Let f be 34/(-10) + 4/t. Give m(f).
-3
Let t(b) = b**2 + 7*b - 3. Suppose 4*f + 34 = 2*c, 4*c = -5*f + 3*c - 25. Calculate t(f).
-9
Suppose 41 = 3*g - r, -r - 10 = -g + 5. Let f = 10 - g. Let x(c) = -c - 6. Give x(f).
-3
Let f(z) = -5*z**2 - 8*z - 8. Let l(h) = -14*h**2 - 24*h - 24. Let a(t) = -11*f(t) + 4*l(t). Determine a(-6).
4
Let c(d) = -d**3 + 7*d**2 - 5*d + 1. Suppose 26 = 5*h - 4. Determine c(h).
7
Let j(r) = -7*r**2 + 4*r. Let t(a) = 6*a**2 - 3*a. Let w(u) = 4*j(u) + 5*t(u). Determine w(-2).
6
Let l be ((-2)/(-4))/(-6 - (-222)/36). Let c(v) = v - 4. What is c(l)?
-1
Suppose 0 = 12*x - x - 55. Let q(y) = -y**2 + 10*y - 7. Determine q(x).
18
Let o(n) = 15*n + 0 - 7*n + 2. What is o(-2)?
-14
Let x = -6 - -3. Let o(l) = 3*l - 2. Calculate o(x).
-11
Let b(p) = -3*p**2 + 5*p - 2. Let i(z) = -z**2 + 2*z - 1. Let g(f) = 2*b(f) - 5*i(f). Determine g(3).
-8
Let t(d) = d**3 - 2*d**2 + 2*d - 3. Let q(i) = -2*i - 3. Suppose -v - 12 - 11 = 3*h, -v - 29 = 4*h. Let j be q(h). Let m be 2/6 + 15/j. Give t(m).
1
Let u(i) = -6*i**3 - 2*i**2 - 2*i - 1. Let w be 6*(-4)/(-6) + 2. Suppose -1 - 5 = 2*l, -3*y + w = -3*l. What is u(y)?
5
Let u(v) = -2*v**2 - 2*v - 6. Let j(m) = 3*m**2 + 3*m + 9. Let z(l) = 5*j(l) + 7*u(l). Let k be z(0). Let g(x) = x - 3. Determine g(k).
0
Let o(g) be the second derivative of g**5/20 + 7*g**4/12 + g**3 + g**2 - g. Let t(i) = i**3 - i**2 - i - 6. Let q = -23 + 23. Let v be t(q). Determine o(v).
2
Let n(r) = r**3 - 5*r**2 + r - 4. Suppose -2*o - 6 + 16 = 0. Determine n(o).
1
Suppose 0 = -2*i - i - 2*w + 34, -w = 2*i - 21. Let d(m) = -i*m + 11*m**2 + 8*m. Give d(-1).
11
Let j(i) = -i + 0*i**3 - 6*i**2 + i**3 + 2 + 5*i. Suppose 3*f + 10 = 2*m - 0*m, -m - 2*f = -5. Give j(m).
-3
Suppose -2*r - 34 + 154 = 0. Let g = r + -34. Suppose -g = 5*f - 6. Let l(x) = x**3 + 3*x**2 - 3*x. Calculate l(f).
-4
Let t(v) be the third derivative of v**5/60 - v**4/8 - 2*v**3/3 - 19*v**2. Calculate t(3).
-4
Suppose 4*d = -4*b, 8*b + 5*d - 2 = 4*b. Let n(m) = -3*m + 0*m + 2*m - 4. Give n(b).
-2
Let y(w) be the second derivative of w**5/20 - w**4/2 - w**3/2 + 9*w**2/2 - 10*w. Give y(6).
-9
Let f(h) = h**3 + 12*h**2 - 14*h - 14. Let t be f(-13). Let c be 6 + (t - 1)*1. Let n(l) = l**3 - 5*l**2 + 3*l - 3. Give n(c).
-7
Suppose 0 = -3*n + n - 40. Let k = -15 - n. Let m(z) = z**3 - 4*z**2 - 3*z - 2. Calculate m(k).
8
Let x(s) = -s - 1. Let f be x(-1). Let v(d) = -2*d + 0*d + d**2 - d**3 - 6 + 2*d. Determine v(f).
-6
Let m(p) = -4*p**3 + p**2 + 6*p + 3. Let y(g) = 21*g**3 - 6*g**2 - 31*g - 15. Let h(l) = -11*m(l) - 2*y(l). Calculate h(-2).
-7
Suppose 0 = y - 5*y - 20. Let f = -2 - y. Let t(q) = 0*q**2 - 2*q + 4 + 5*q - q**2. Determine t(f).
4
Let o(z) be the first derivative of z**4/4 - 4*z**3/3 - z**2 + 5*z - 1. Let x(u) = -u**2 + 10*u + 14. Let q be x(11). Let p be q/(-1 + 2) - -1. Give o(p).
-3
Let j(x) = -x + 16. Let c be j(10). Let s(y) = -y**2 + 7*y - 8. Determine s(c).
-2
Let z = 4 + -6. Let v be (2/2 + -3)/z. Let p(n) = -18 - 16 + 3*n + 35. Calculate p(v).
4
Let a(f) = 4*f**2 + 6*f + 7. Let i(k) = -3*k**2 - 6*k - 6. Let r(z) = -2*a(z) - 3*i(z). Determine r(-3).
-5
Suppose 3*t = -2*t + 15. Let w be (t - 1) + -2 - -4. Let y(f) = f**2 - 2*f - 5. Give y(w).
3
Let y(z) = 5*z**2 - 2*z + 1. Let m be 30/9 + 3/(-9). Suppose 0 = -a + m*a + 2*g - 6, -1 = -3*a + g. Give y(a).
4
Suppose -5*j - 15 = 3*f, f - 17 = 2*j - 0. Let b(v) = -13*v - v**2 + 2*v**2 - 2*v + 21*v - 4. What is b(j)?
-4
Suppose 0*b = 5*b. Suppose -4*v + b*v = 8. Let o(a) = 0*a**2 + a - 2*a**2 - 2*a. Give o(v).
-6
Let g(u) be the third derivative of u**4/8 + 7*u**3/6 - 32*u**2. Give g(-5).
-8
Let b(h) be the third derivative of -h**4/12 + h**3/6 + 2*h**2. Let a = -47 + 43. What is b(a)?
9
Let r = 14 - 6. Suppose -12 = -4*h + r. Let z(y) be the third derivative of -y**4/24 + 3*y**3/2 + y**2. Determine z(h)